it of 410791660?
1
What is the units digit of 184917740?
0
What is the millions digit of 4608211?
4
What is the ten thousands digit of 148134936?
3
What is the units digit of 566020111?
1
What is the thousands digit of 123936931?
6
What is the millions digit of 130092985?
0
What is the thousands digit of 21428239?
8
What is the thousands digit of 19269231?
9
What is the hundred thousands digit of 20910217?
9
What is the tens digit of 249707414?
1
What is the hundred millions digit of 2060484707?
0
What is the thousands digit of 5332468306?
8
What is the hundred thousands digit of 169691176?
6
What is the millions digit of 212562856?
2
What is the hundreds digit of 75039414?
4
What is the millions digit of 31946318?
1
What is the ten thousands digit of 13536234?
3
What is the ten millions digit of 370660579?
7
What is the billions digit of 3411850784?
3
What is the hundred millions digit of 372557692?
3
What is the millions digit of 3421448?
3
What is the ten thousands digit of 76313266?
1
What is the hundreds digit of 492966603?
6
What is the hundred thousands digit of 30927819?
9
What is the ten thousands digit of 81103804?
0
What is the ten thousands digit of 477278338?
7
What is the hundred millions digit of 1148187651?
1
What is the hundred thousands digit of 573189922?
1
What is the ten millions digit of 3050315452?
5
What is the ten thousands digit of 1254924378?
2
What is the ten millions digit of 28915707?
2
What is the ten millions digit of 3620215722?
2
What is the units digit of 499440132?
2
What is the hundred thousands digit of 86052562?
0
What is the units digit of 23814298?
8
What is the thousands digit of 1292634148?
4
What is the tens digit of 68273742?
4
What is the millions digit of 46263544?
6
What is the hundred millions digit of 279606949?
2
What is the hundred thousands digit of 150430685?
4
What is the units digit of 1669564607?
7
What is the ten thousands digit of 139141526?
4
What is the tens digit of 3021498910?
1
What is the thousands digit of 8601130?
1
What is the thousands digit of 134358962?
8
What is the ten thousands digit of 14317462?
1
What is the hundred millions digit of 1046586104?
0
What is the hundred thousands digit of 1537773527?
7
What is the units digit of 12986785?
5
What is the thousands digit of 42976393?
6
What is the billions digit of 1508081991?
1
What is the billions digit of 4308744242?
4
What is the hundreds digit of 42761020?
0
What is the thousands digit of 20843554?
3
What is the hundred thousands digit of 5420814702?
8
What is the ten millions digit of 123572092?
2
What is the hundred millions digit of 748262468?
7
What is the ten millions digit of 421100600?
2
What is the hundred thousands digit of 2365246824?
2
What is the ten millions digit of 458112844?
5
What is the millions digit of 398878315?
8
What is the ten millions digit of 61600821?
6
What is the hundred thousands digit of 93278698?
2
What is the thousands digit of 248634674?
4
What is the hundreds digit of 17548306?
3
What is the hundred millions digit of 628527098?
6
What is the thousands digit of 4065315506?
5
What is the units digit of 1536116838?
8
What is the thousands digit of 560135094?
5
What is the tens digit of 1971442280?
8
What is the hundreds digit of 453411310?
3
What is the thousands digit of 74044017?
4
What is the thousands digit of 1178420662?
0
What is the thousands digit of 36011883?
1
What is the hundred thousands digit of 2707823864?
8
What is the millions digit of 95866315?
5
What is the units digit of 138006692?
2
What is the millions digit of 210537121?
0
What is the ten thousands digit of 291242923?
4
What is the hundreds digit of 18225998?
9
What is the units digit of 3542218937?
7
What is the hundred millions digit of 934555682?
9
What is the hundreds digit of 4942233729?
7
What is the hundreds digit of 51077857?
8
What is the hundreds digit of 655181124?
1
What is the hundred thousands digit of 209007937?
0
What is the billions digit of 6179795826?
6
What is the hundreds digit of 2908441689?
6
What is the units digit of 47617225?
5
What is the ten thousands digit of 1457287839?
8
What is the ten thousands digit of 3638547?
3
What is the units digit of 38954390?
0
What is the hundreds digit of 55074676?
6
What is the millions digit of 421563853?
1
What is the units digit of 213494413?
3
What is the thousands digit of 406639440?
9
What is the hundreds digit of 4976721755?
7
What is the thousands digit of 64648076?
8
What is the tens digit of 1213738?
3
What is the ten millions digit of 70925557?
7
What is the thousands digit of 2116294119?
4
What is the ten millions digit of 55815642?
5
What is the millions digit of 727919570?
7
What is the units digit of 53209545?
5
What is the units digit of 1979448814?
4
What is the thousands digit of 691880582?
0
What is the thousands digit of 9167017?
7
What is the millions digit of 7551261?
7
What is the hundred thousands digit of 2695492711?
4
What is the ten thousands digit of 6947778579?
7
What is the tens digit of 1563617017?
1
What is the hundred thousands digit of 530641284?
6
What is the ten millions digit of 105537754?
0
What is the ten thousands digit of 162830193?
3
What is the ten thousands digit of 4197569906?
6
What is the tens digit of 334694426?
2
What is the ten millions digit of 155606306?
5
What is the units digit of 2326881127?
7
What is the thousands digit of 958302259?
2
What is the hundred millions digit of 109401067?
1
What is the thousands digit of 2595613096?
3
What is the units digit of 344611339?
9
What is the hundred millions digit of 1831209714?
8
What is the tens digit of 315219466?
6
What is the hundreds digit of 1331705210?
2
What is the units digit of 19081990?
0
What is the hundreds digit of 46404496?
4
What is the hundreds digit of 317779418?
4
What is the thousands digit of 119236225?
6
What is the tens digit of 1709439585?
8
What is the hundred thousands digit of 68490913?
4
What is the billions digit of 1067524068?
1
What is the units digit of 501519883?
3
What is the ten millions digit of 634242485?
3
What is the thousands digit of 1297474207?
4
What is the tens digit of 510266878?
7
What is the hundred millions digit of 837415954?
8
What is the thousands digit of 41956395?
6
What is the tens digit of 112625769?
6
What is the hundred thousands digit of 150875487?
8
What is the hundred millions digit of 553609443?
5
What is the tens digit of 1785525726?
2
What is the ten thousands digit of 170846238?
4
What is the millions digit of 2723581122?
3
What is the hundred thousands digit of 3224094594?
0
What is the hundreds digit of 16436043?
0
What is the tens digit of 325407357?
5
What is the units digit of 2689148530?
0
What is the thousands digit of 90322743?
2
What is the thousands digit of 9580321?
0
What is the thousands digit of 77239691?
9
What is the tens digit of 504804696?
9
What is the units digit of 473923553?
3
What is the ten millions digit of 932746737?
3
What is the millions digit of 156654819?
6
What is the tens digit of 187326643?
4
What is the units digit of 61826631?
1
What is the ten thousands digit of 79392714?
9
What is the ten millions digit of 39768471?
3
What is the ten thousands digit of 1036013581?
1
What is the units digit of 150867695?
5
What is the millions digit of 5006399?
5
What is the billions digit of 8485023643?
8
What is the hundreds digit of 13879855?
8
What is the tens digit of 106236083?
8
What is the thousands digit of 4474028555?
8
What is the thousands digit of 11638319?
8
What is the millions digit of 26794971?
6
What is the hundred millions digit of 609381450?
6
What is the ten thousands digit of 4022877163?
7
What is the ten millions digit of 4057227775?
5
What is the millions digit of 425637886?
5
What is the hundred thousands digit of 181199238?
1
What is the hundred millions digit of 4193358643?
1
What is the billions digit of 1808896028?
1
What is the units digit of 324116366?
6
What is the ten millions digit of 75251440?
7
What is the tens digit of 520230027?
2
What is the tens digit of 1891656884?
8
What is the millions digit of 5412576?
5
What is the ten millions digit of 115730118?
1
What is the ten millions digit of 152258614?
5
What is the hundred millions digit o